{"id":1040,"date":"2025-10-07T19:47:11","date_gmt":"2025-10-07T19:47:11","guid":{"rendered":"https:\/\/tingambato.gob.mx\/?page_id=1040"},"modified":"2025-10-07T19:49:00","modified_gmt":"2025-10-07T19:49:00","slug":"aviso-de-privacidad","status":"publish","type":"page","link":"https:\/\/tingambato.gob.mx\/index.php\/aviso-de-privacidad\/","title":{"rendered":"Aviso de Privacidad"},"content":{"rendered":"<div class=\"fusion-fullwidth fullwidth-box fusion-builder-row-1 fusion-flex-container has-pattern-background has-mask-background nonhundred-percent-fullwidth non-hundred-percent-height-scrolling\" style=\"--awb-border-radius-top-left:0px;--awb-border-radius-top-right:0px;--awb-border-radius-bottom-right:0px;--awb-border-radius-bottom-left:0px;--awb-flex-wrap:wrap;\" ><div class=\"fusion-builder-row fusion-row fusion-flex-align-items-flex-start fusion-flex-content-wrap\" style=\"max-width:1216.8px;margin-left: calc(-4% \/ 2 );margin-right: calc(-4% \/ 2 );\"><div class=\"fusion-layout-column fusion_builder_column fusion-builder-column-0 fusion_builder_column_1_1 1_1 fusion-flex-column\" style=\"--awb-bg-size:cover;--awb-width-large:100%;--awb-margin-top-large:0px;--awb-spacing-right-large:1.92%;--awb-margin-bottom-large:20px;--awb-spacing-left-large:1.92%;--awb-width-medium:100%;--awb-order-medium:0;--awb-spacing-right-medium:1.92%;--awb-spacing-left-medium:1.92%;--awb-width-small:100%;--awb-order-small:0;--awb-spacing-right-small:1.92%;--awb-spacing-left-small:1.92%;\"><div class=\"fusion-column-wrapper fusion-column-has-shadow fusion-flex-justify-content-flex-start fusion-content-layout-column\"><div class=\"fusion-separator fusion-full-width-sep\" style=\"align-self: center;margin-left: auto;margin-right: auto;margin-top:50px;width:100%;\"><\/div><div class=\"fusion-text fusion-text-1\" style=\"--awb-content-alignment:justify;\"><hr \/>\n<h3><b>AVISO DE PRIVACIDAD<\/b><\/h3>\n<p>El presente Aviso de Privacidad (en adelante, el &#8220;Aviso&#8221;) se emite en cumplimiento de la Ley Federal de Protecci\u00f3n de Datos Personales en Posesi\u00f3n de los Particulares (la &#8220;Ley&#8221;), su Reglamento y los Lineamientos del Aviso de Privacidad. Los t\u00e9rminos en may\u00fasculas no definidos aqu\u00ed tendr\u00e1n el significado que les otorga la Ley.<\/p>\n<p><b>1. RESPONSABLE DEL TRATAMIENTO DE LOS DATOS PERSONALES<\/b><\/p>\n<p>El <b>H. Ayuntamiento de Tingambato<\/b> (el &#8220;Ayuntamiento&#8221;), con domicilio en <b>Portal Hidalgo No. 1, Colonia Centro, C.P. 61710, Tingambato, Michoac\u00e1n<\/b>, es el responsable del tratamiento de sus datos personales.<\/p>\n<p><b>Medios de contacto:<\/b><\/p>\n<ul>\n<li><b>Sitio web oficial:<\/b> [<a class=\"ng-star-inserted\" href=\"http:\/\/www.tingambato.gob.mx\" target=\"_blank\" rel=\"noopener\">http:\/\/www.tingambato.gob.mx<\/a>]<\/li>\n<li><b>Correo electr\u00f3nico:<\/b> [transparencia@tingambato.gob.mx]<\/li>\n<\/ul>\n<p><b>2. FINALIDADES DEL TRATAMIENTO DE DATOS<\/b><\/p>\n<p>Sus datos personales se recaban para las siguientes finalidades:<\/p>\n<ul>\n<li><b>Finalidades Primarias (esenciales):<\/b>\n<ul>\n<li>Gestionar tr\u00e1mites y servicios municipales (licencias, permisos, pagos, etc.).<\/li>\n<li>Atender solicitudes de informaci\u00f3n y dar seguimiento a peticiones ciudadanas.<\/li>\n<li>Cumplir con las obligaciones legales y atribuciones del Ayuntamiento.<\/li>\n<\/ul>\n<\/li>\n<li><b>Finalidades Secundarias (requieren su consentimiento):<\/b>\n<ul>\n<li>Env\u00edo de boletines informativos y comunicaciones oficiales sobre actividades del municipio.<\/li>\n<li>Invitaciones a eventos municipales (culturales, c\u00edvicos, sociales, etc.).<\/li>\n<li>Realizaci\u00f3n de encuestas para la mejora de los servicios p\u00fablicos.<\/li>\n<\/ul>\n<\/li>\n<\/ul>\n<p><b>3. DATOS PERSONALES RECABADOS<\/b><\/p>\n<p>Para llevar a cabo las finalidades descritas, se pueden recabar, entre otros, los siguientes datos personales:<\/p>\n<ul>\n<li><b>Datos de identificaci\u00f3n:<\/b> Nombre completo, firma, identificaci\u00f3n oficial.<\/li>\n<li><b>Datos de contacto:<\/b> Domicilio, n\u00famero de tel\u00e9fono, correo electr\u00f3nico.<\/li>\n<\/ul>\n<p>El Ayuntamiento se compromete a no solicitar datos personales sensibles, como aquellos relacionados con origen racial o \u00e9tnico, estado de salud, creencias religiosas, filos\u00f3ficas o morales, afiliaci\u00f3n sindical u opiniones pol\u00edticas.<\/p>\n<p><b>4. MEDIOS DE OBTENCI\u00d3N DE DATOS<\/b><\/p>\n<p>Los datos personales que tratamos pueden ser recabados a trav\u00e9s de:<\/p>\n<ul>\n<li>Formularios f\u00edsicos en las distintas oficinas y ventanillas del Ayuntamiento.<\/li>\n<li>Medios digitales como la p\u00e1gina web oficial, sistemas de tr\u00e1mites en l\u00ednea y correo electr\u00f3nico.<\/li>\n<li>Llamadas telef\u00f3nicas a las l\u00edneas de atenci\u00f3n del Ayuntamiento.<\/li>\n<\/ul>\n<p><b>5. DERECHOS ARCO (ACCESO, RECTIFICACI\u00d3N, CANCELACI\u00d3N Y OPOSICI\u00d3N)<\/b><\/p>\n<p>Usted tiene derecho a conocer qu\u00e9 datos personales tenemos de usted, para qu\u00e9 los utilizamos y las condiciones del uso que les damos (Acceso). Asimismo, es su derecho solicitar la correcci\u00f3n de su informaci\u00f3n personal en caso de que est\u00e9 desactualizada, sea inexacta o incompleta (Rectificaci\u00f3n); que la eliminemos de nuestros registros o bases de datos cuando considere que la misma no est\u00e1 siendo utilizada adecuadamente (Cancelaci\u00f3n); as\u00ed como oponerse al uso de sus datos personales para fines espec\u00edficos (Oposici\u00f3n). Estos derechos se conocen como derechos ARCO.<\/p>\n<p><b>Procedimiento para ejercer sus Derechos ARCO:<\/b><\/p>\n<ol start=\"1\">\n<li>Deber\u00e1 presentar una solicitud por escrito en el domicilio del Ayuntamiento o enviarla al correo electr\u00f3nico de la Unidad de Transparencia.<\/li>\n<li>La solicitud deber\u00e1 contener su nombre completo, domicilio, una descripci\u00f3n clara y precisa de los datos respecto de los que busca ejercer alguno de los derechos y cualquier otro elemento que facilite la localizaci\u00f3n de los datos.<\/li>\n<li>Deber\u00e1 adjuntar una copia de su identificaci\u00f3n oficial para acreditar su identidad.<\/li>\n<\/ol>\n<p><b>6. SEGURIDAD DE LOS DATOS<\/b><\/p>\n<p>El Ayuntamiento implementa medidas de seguridad t\u00e9cnicas, administrativas y f\u00edsicas para proteger sus datos personales y evitar su da\u00f1o, p\u00e9rdida, alteraci\u00f3n, destrucci\u00f3n o el uso, acceso o tratamiento no autorizado. El acceso a su informaci\u00f3n personal est\u00e1 restringido \u00fanicamente al personal autorizado que necesita conocerla para cumplir con las finalidades descritas.<\/p>\n<p><b>7. TRANSFERENCIAS Y COMPARTICI\u00d3N DE DATOS<\/b><\/p>\n<p>Sus datos personales no se compartir\u00e1n, vender\u00e1n ni transferir\u00e1n a terceros sin su consentimiento previo, salvo en los casos previstos por la legislaci\u00f3n aplicable, como requerimientos de autoridades competentes debidamente fundados y motivados.<\/p>\n<p><b>8. REVOCACI\u00d3N DEL CONSENTIMIENTO<\/b><\/p>\n<p>Usted puede revocar el consentimiento que, en su caso, nos haya otorgado para el tratamiento de sus datos personales. Para ello, deber\u00e1 presentar una solicitud en los mismos t\u00e9rminos que para el ejercicio de los derechos ARCO.<\/p>\n<p><b>9. CAMBIOS AL AVISO DE PRIVACIDAD<\/b><\/p>\n<p>Cualquier modificaci\u00f3n a este Aviso de Privacidad le ser\u00e1 notificada a trav\u00e9s de los siguientes medios:<\/p>\n<ul>\n<li>Publicaci\u00f3n en un lugar visible en las oficinas del Ayuntamiento.<\/li>\n<li>A trav\u00e9s de la p\u00e1gina web oficial: <b>[<a class=\"ng-star-inserted\" href=\"http:\/\/www.tingambato.gob.mx\" target=\"_blank\" rel=\"noopener\">http:\/\/www.tingambato.gob.mx<\/a>]<\/b>.<\/li>\n<\/ul>\n<\/div><\/div><\/div><\/div><\/div>\n","protected":false},"excerpt":{"rendered":"","protected":false},"author":1,"featured_media":0,"parent":0,"menu_order":0,"comment_status":"closed","ping_status":"closed","template":"","meta":{"footnotes":""},"class_list":["post-1040","page","type-page","status-publish","hentry"],"_links":{"self":[{"href":"https:\/\/tingambato.gob.mx\/index.php\/wp-json\/wp\/v2\/pages\/1040","targetHints":{"allow":["GET"]}}],"collection":[{"href":"https:\/\/tingambato.gob.mx\/index.php\/wp-json\/wp\/v2\/pages"}],"about":[{"href":"https:\/\/tingambato.gob.mx\/index.php\/wp-json\/wp\/v2\/types\/page"}],"author":[{"embeddable":true,"href":"https:\/\/tingambato.gob.mx\/index.php\/wp-json\/wp\/v2\/users\/1"}],"replies":[{"embeddable":true,"href":"https:\/\/tingambato.gob.mx\/index.php\/wp-json\/wp\/v2\/comments?post=1040"}],"version-history":[{"count":6,"href":"https:\/\/tingambato.gob.mx\/index.php\/wp-json\/wp\/v2\/pages\/1040\/revisions"}],"predecessor-version":[{"id":1046,"href":"https:\/\/tingambato.gob.mx\/index.php\/wp-json\/wp\/v2\/pages\/1040\/revisions\/1046"}],"wp:attachment":[{"href":"https:\/\/tingambato.gob.mx\/index.php\/wp-json\/wp\/v2\/media?parent=1040"}],"curies":[{"name":"wp","href":"https:\/\/api.w.org\/{rel}","templated":true}]}}